*c. What are the prime factors of c?
17, 199
Let a(d) = -d**2 - 9*d + 7. Let n be a(4). List the prime factors of (-12)/24 - n/2.
2, 11
Let k be 6/21 + 141/21. Suppose k*b - 4*b = 276. List the prime factors of b.
2, 23
Suppose 3*a - 15 = 0, -p - 202 = -4*a - 830. List the prime factors of p.
2, 3
Let i be ((-1)/(-2))/((-2)/(4*-3)). Suppose 0 = -2*k - 2*k + 4*j + 184, 4*k - 183 = i*j. What are the prime factors of k?
3, 5
Let l(p) = -p**2 - 9*p - 10. Let g be l(-7). Suppose -g*c - 6 = -42. Suppose 0 = o - 2*o - 5*h - c, 0 = -4*o - 3*h + 32. What are the prime factors of o?
11
Let i(o) = 2*o**2 + 14*o + 6. Suppose z + 37 = -4*b, 4*b - 2*z + 56 = -b. What are the prime factors of i(b)?
2, 3, 11
List the prime factors of (1/(-2))/((54/48012)/(-9)).
4001
Let p be (2 - ((0 - 3) + 4))*0. What are the prime factors of (5/(-10)*298)/(-1 - p)?
149
Let t(u) = -5*u + 6. Let y be t(27). Let s = y + 147. List the prime factors of s.
2, 3
Suppose -l + 3*l + 4 = 0. List the prime factors of 3/l*(-1022)/21.
73
Let l = -202 - -474. List the prime factors of l.
2, 17
Let d be 56/26 - 4*(-5)/(-130). Suppose -d*t = 3*t - 375. List the prime factors of t.
3, 5
Suppose 0 = -3*c + 15, -c = -y - 10 + 25. Suppose -6*m + m - y = 0, 5*q = -5*m - 385. Let f = q + 111. What are the prime factors of f?
2, 19
Let u = -4 + 9. Suppose 133 + 32 = -u*a. List the prime factors of (-10 + 1)*a/11.
3
Let i(x) = -x**3 - 16*x**2 - 16*x - 12. Let g be i(-15). Suppose 4*z = g + 9. What are the prime factors of z/((16/(-20))/(-4))?
3, 5
Suppose 2086 = 4*d + 3*u, -6*d - 5*u + 2610 = -d. What are the prime factors of d?
2, 5, 13
Let l = -13 + 6. List the prime factors of l/((-21)/(-6)) + 48.
2, 23
Let a(t) = -4*t**3 - 21*t**2 + t - 11. List the prime factors of a(-8).
5, 137
Let t = 11 - 13. Let j be ((-1)/t)/((-5)/(-60)). Suppose u = j*u - 255. List the prime factors of u.
3, 17
Suppose 5*c + 17 = 6*c. Suppose 2*y + c = -3*j, -2*j + 4*y = 6 + 16. Let v(g) = g**2 + 7*g + 9. What are the prime factors of v(j)?
3
Suppose -3*p - 1210 = 7*p. Let g = -101 - p. List the prime factors of g.
2, 5
Suppose 0 = x - 5*x - 168. What are the prime factors of x/(-3) - (3 + -3)?
2, 7
Suppose 2*g = 3*u + 8323 - 1582, 2*u = 6. List the prime factors of g.
3, 5
Let r = -41 + 65. List the prime factors of (104/r)/((-3)/(-36)).
2, 13
Suppose 30*m + 31*m - 44652 = 0. What are the prime factors of m?
2, 3, 61
Suppose -123 = 3*p - 4*l, 3*l = 2*p - p + 41. Let z = 20 - p. What are the prime factors of z?
61
Suppose k + 0*k = 116. Let o = 276 - k. What are the prime factors of o?
2, 5
Let g be 4/3*(-4)/(12/9). Let l(x) = 3*x**2 - 7*x - 5. List the prime factors of l(g).
71
Suppose 5 = 3*y - 73. Let v = y - 22. Suppose 8*s = v*s + 264. What are the prime factors of s?
2, 3, 11
Let s(q) = 2*q**3 - q**2 - 2*q - 1. Let a be s(3). Let u = -19 + a. List the prime factors of u.
19
Suppose 9*x + 439 = -74. List the prime factors of (-3)/((-36)/(-32))*x.
2, 19
Let o be (-12)/7 - (-24)/(-84). Let m(u) = -u**3 - 10*u**2 - 10*u - 13. Let v be m(-9). List the prime factors of 1/(o/104*v).
13
Suppose 3*x - 14 - 1 = -3*m, -1 = -3*x + 4*m. Suppose -4*j = -g - 281, 211 = x*j - g - 0*g. List the prime factors of j.
2, 5, 7
Suppose 10*d - 14*d = -188. Suppose -c + 2*v + 6 = -d, 25 = c + 5*v. List the prime factors of c.
3, 5
Suppose 0 = 4*c + 2*c + 60. Let a be -1 + (-3 - -1) - c. Let j(t) = -t**2 + 16*t - 7. List the prime factors of j(a).
2, 7
Let c(t) = -279*t + 1142. What are the prime factors of c(-9)?
13, 281
Let z(g) = 103*g - 15. What are the prime factors of z(1)?
2, 11
Suppose 8*d - 2265 = 1735. List the prime factors of d.
2, 5
Let i(u) be the first derivative of -u**4 - u**3/3 - u**2 - u - 6. Let v be i(-1). Suppose -5*p + 35 = -5*x, -8*x + v*x - 4 = 2*p. List the prime factors of p.
2
Let v(d) = -53*d**3. Let w be v(1). Let x = -5 + w. What are the prime factors of 3/(-6)*x/1?
29
List the prime factors of (-5 - 531/(-27))*201/2.
2, 11, 67
Let o(i) = 22*i**3 - 10*i**2 - 9*i**3 - 17*i**3 - 4 + i + i. List the prime factors of o(-5).
2, 59
Suppose -5*v - 244 = -4*t + t, 5*t = -v - 60. Let s be (-4 + 6)*v/4. Let m = s + 42. What are the prime factors of m?
17
Suppose 46*w - 2158 = 50. List the prime factors of w.
2, 3
Let n = 468 - -46. What are the prime factors of n?
2, 257
Suppose -6*j + 1061 = -1777. Suppose u - g = -u + j, -g = -u + 239. What are the prime factors of u?
2, 3, 13
Let w = -324 - -481. What are the prime factors of w?
157
Suppose 2*z - s = 3174, -10*z - s - 1589 = -11*z. List the prime factors of z.
5, 317
Suppose -a = 2*a - 9. Let i(k) = -15*k - 13 + 9*k**2 + k**a - 2 + 0*k**2. List the prime factors of i(-10).
5, 7
Let g = -2388 + 4475. What are the prime factors of g?
2087
Suppose 2*v + 2*v = 5*o + 6, o + 5 = -3*v. Let q be 0/((-4)/2) - v. What are the prime factors of (-4 + 33)/(q/1)?
29
Let o(x) = -x**3 - x**2 + x + 1. Let c be o(-1). What are the prime factors of 1/(-3) - (770/(-6) + c)?
2
Let q(c) = c**2 - 13*c + 23. Let g be q(-11). Let k = g - -140. Suppose 10*u - k = 3*u. List the prime factors of u.
61
Suppose 0*v - 28 = -7*v. Suppose l + 4*l = -v*q + 48, 32 = 5*l - 4*q. Suppose -3*p + l*p - 2*k = 96, 5*k = -15. What are the prime factors of p?
2, 3
Suppose -1728 = -17*j + 9*j. What are the prime factors of j?
2, 3
Suppose 2*l + 7 = 1. Let h(x) = -x**3 - 4*x**2 - 2*x + 1. Let t be h(l). List the prime factors of (-12)/(-8)*26 - t.
41
Let p = 63 + -43. Suppose 0 = -4*z + 4*v + p, 5*v + 3 = 2*z + 8. Let x = -2 + z. What are the prime factors of x?
2
Let a(f) = f**2 + 11*f - 8. Let y be a(-12). Suppose 4*j + j + 3*i = 100, -31 = -3*j + y*i. List the prime factors of j.
17
Suppose -7*t = -10*t + 798. Let i = -161 + t. What are the prime factors of i?
3, 5, 7
Let u be 160/112*7*1. What are the prime factors of (148/u)/((-8)/(-120))?
2, 3, 37
Suppose 0 = -2*x, z = -4*z + x + 195. Suppose 0*k + z = -3*k. Let p = k - -15. What are the prime factors of p?
2
Let s(k) = 4*k + 17. Let m be s(18). Suppose -3*w = -13 - m. What are the prime factors of w?
2, 17
Let z(n) = 5*n**2 - n. Let r = -6 + 8. Suppose r*i + 8 = 4*k, 3*i - k + 11 = 4*k. What are the prime factors of z(i)?
2, 11
Let w = -1820 - -3567. What are the prime factors of w?
1747
Suppose 4 = -g, 5*r - 3*r + 32 = -5*g. What are the prime factors of (-322)/r - (-3)/9?
2, 3
Let p be ((-16)/(-20))/((-6)/(-75)). Let s(f) = -f + 10. Let z be s(p). Suppose k - 41 + 0 = z. What are the prime factors of k?
41
Suppose -5*u = 5*m - 1395, -5*m - 166 = -u + 131. Let v = u - 34. What are the prime factors of v?
2, 31
Let t = -16 + 16. Suppose -5*l + 4*z + 185 = t, 2*z + 154 = 3*l + l. Suppose 0 = 3*x - 3*q - 170 + l, 4*q - 80 = -2*x. What are the prime factors of x?
2, 3, 7
Let o = -11 + 13. Let y be (1 + 6/(-2))/(-1). Suppose 3*h - y = o*h, 15 = k - 3*h. List the prime factors of k.
3, 7
Let n(w) = w**3 - 5*w**2 + 4*w + 2. Let d be n(4). Suppose 5 = -0*l + l. List the prime factors of (l/15)/(d/186).
31
Let k(a) be the second derivative of a**5/20 - a**4/2 + 5*a**3/2 - 4*a**2 - 6*a. What are the prime factors of k(6)?
2, 41
Let p be (-414)/12 - 4/8. Let y = p + 41. List the prime factors of y.
2, 3
Suppose 18348 = 70*u - 58*u. What are the prime factors of u?
11, 139
Suppose 23744 - 8839 = 11*x. What are the prime factors of x?
5, 271
Let c(p) = 5*p + 7. Let k be c(-6). Let x = -13 - k. List the prime factors of 2/x - (-4114)/55.
3, 5
Suppose 10*j - 6*j = 8. Suppose j*b = 4*b - 96. Let t = -2 + b. What are the prime factors of t?
2, 23
Suppose 10*j - 12 = 7*j. Suppose j*o = o - 3*q + 9, 0 = -q - 3. What are the prime factors of o?
2, 3
Let u(a) = a**3 + 2*a**2 + 5. Let p be u(0). Suppose k + 84 = p*k. List the prime factors of (15 + -1)/(14/k).
3, 7
Suppose -3*s - 3*s - 18 = 0. Let r = 21 - s. What are the prime factors of r?
2, 3
Let x be (84/(-35) - (-6)/(-10)) + 0. List the prime factors of 866/9 - (29/9 + x).
2, 3
Suppose 16*h - 14*h = 194. List the prime factors of h.
97
What are the prime factors of 6/(-24) - (-37384)/32?
2, 73
Suppose -3941 = -4*r - 5*q, 4*r + 2*q + 3962 = 8*r. What are the prime factors of r?
23, 43
Suppose -6 = 3*v - v, -4*v = -2*t + 22. Suppose -5*i + 2*i + 45 = 0. Suppose -t*x + 55 - i = 0. List the prime factors of x.
2
Let j